uppose -2*m + 2*y + 36 = 0, -4*m + 67 = -0*m - 3*y. Let z = 322 + -309. What is the greatest common divisor of z and m?
13
Let a(b) = b**2 + 19*b - 578. Let c be a(-38). Calculate the greatest common factor of 624 and c.
48
Suppose -2*q - 6*q = -120. Suppose 0 = -q*y + 9*y + 96. Let a(j) = -22*j - 10. Let l be a(-7). Calculate the highest common factor of l and y.
16
Let v be (4/6)/(2/33). Let w be v/((-44)/8) + 86. Let u be 0 + (-1 + -20)*-1. Calculate the highest common factor of u and w.
21
Suppose -875 = 12*c - 17*c. Let g = c - 87. Calculate the greatest common divisor of 8 and g.
8
Let v(o) = -o + 46. Let t be v(-18). Let p be 13/3 - 2/(-3). Suppose w - p*z + 12 = 0, 2*w - 2*z - 6 - 2 = 0. What is the greatest common divisor of w and t?
8
Let b(a) = 14*a - 20. Let d be b(10). Calculate the highest common factor of d and 75.
15
Let u be (0 - -7 - 4 - 326)*-1. Calculate the highest common factor of 51 and u.
17
Suppose 0 = 3*d + 5*a + 4 - 54, -a = 4*d - 44. Calculate the highest common factor of d and 45.
5
Suppose 0 = 7*h - 3*h + 8. Let q be 42 + h/1 + -1. What is the greatest common factor of 3 and q?
3
Suppose 2*a - 3 + 7 = 0. Let w be a/(-12) - 59/(-6). Let t be (-2 + 0 - 6)/(-2). What is the highest common divisor of w and t?
2
Let i(l) = l**2 - 3*l - 4. Let m be i(-3). Let u be ((-4)/(4/(-5)))/1. Suppose 5 = p, 21 + 18 = j + u*p. Calculate the greatest common divisor of m and j.
14
Let o be -1 + (-14)/(-2)*(-13 + 14). Suppose 3*f - 8 = 1. What is the greatest common factor of o and f?
3
Let k(r) = -8*r + 9. Let a be k(-6). Let m(u) = -40*u + 619. Let j be m(15). Calculate the greatest common divisor of j and a.
19
Let m(q) = -q**3 - 6*q**2 - 2*q - 8. Let y be m(-6). Suppose y*o + o = 20. Suppose 0 = o*i - 2*i - 34. Calculate the greatest common factor of i and 136.
17
Let w = 207 - 193. What is the highest common factor of w and 7?
7
Let g = 1165 + -827. Let n be g/8 - 15/60. What is the highest common divisor of n and 336?
42
Let k(u) = -2*u**2 - 37*u - 14. Let r be k(-18). Calculate the highest common factor of r and 58.
2
Let m = -1214 - -1478. What is the greatest common factor of m and 24?
24
Let d be (1 + 1)/((-2)/(-25)). Suppose 5*i + 3*s = 872, -13*i + 4*s = -12*i - 179. What is the greatest common divisor of i and d?
25
Let h = 683 - 671. What is the greatest common divisor of h and 1164?
12
Suppose -7*q + 41 = -239. Suppose -q*w = -35*w - 5. Calculate the highest common factor of 7 and w.
1
Suppose -12*c = -22 - 62. Suppose -f = -v - 22, 5*f - 3*v - 108 = -0*v. Let y be 2 + (f - (1 - -1)). Calculate the greatest common factor of y and c.
7
Let j(a) = -8*a - 8. Let d be j(-6). Suppose -3*k = -2*n + 28, k + 23 + 13 = 4*n. Calculate the highest common divisor of d and n.
8
Suppose -189922 = -132*l - 53038. What is the greatest common divisor of l and 122?
61
Let g be 132/(-36)*(10 - 571). Calculate the highest common divisor of g and 242.
121
Suppose 3*s - 8*s + 70 = 0. Let q = s + -10. Suppose 80 = 5*u - 140. Calculate the highest common divisor of u and q.
4
Let t = -137 + 289. Let j = t + -115. Calculate the highest common factor of 185 and j.
37
Let d(w) = w**2 - w - 46. Let z be d(8). Let q = -9 - -89. Calculate the highest common factor of q and z.
10
Suppose -10*i - 288 = -2*i. Let v be 67/6 - i/(-216). What is the highest common factor of v and 1?
1
Let z(x) = x**2 - x + 6. Let o be z(0). Suppose 47 = -o*q + 11. Let y = q - -9. Calculate the greatest common factor of y and 21.
3
Let x(v) = v**2 + v - 63. Let t be x(8). Calculate the greatest common factor of t and 45.
9
Let d(g) = -g + 14. Let i be d(-14). Let a = 66 - i. Calculate the greatest common divisor of 2 and a.
2
Let f be (165/(-22))/((-3)/20). What is the greatest common divisor of f and 90?
10
Suppose 9*v - 20 = 5*v. Suppose 23 = -v*y + 58. Suppose -154 - 161 = -5*i. Calculate the greatest common divisor of y and i.
7
Let q(m) = m + 48. Let j be q(-31). What is the greatest common factor of 17 and j?
17
Let h = 94 + -95. Let k be h/2*(1008/(-6) - -6). Calculate the highest common factor of k and 9.
9
Suppose -c + 5*q + 66 = 0, 2*c = q + 2*q + 118. Let j(x) = -4*x - 48. Let v be j(-14). Calculate the highest common divisor of c and v.
8
Suppose 99 = 2*j + 5*f - 11, -2*j + 4*f = -146. Suppose -5*y + 365 = j. What is the highest common divisor of y and 30?
30
Let c be (-8)/(-4)*-1 - (-4130)/7. Calculate the greatest common factor of 12 and c.
12
Let c = 222 + -110. Suppose c - 28 = 4*j. Calculate the highest common factor of 147 and j.
21
Let v(m) = m**2 + 5*m + 3. Let h be v(-6). Let b be -1*h/(-3)*1. Suppose 2*w = 2*q + 50, w = b*q + q + 37. Calculate the highest common factor of 21 and w.
21
Suppose -4*k + 24 = -2*k. Let h(i) = 77*i - 379. Let c be h(5). Calculate the highest common factor of k and c.
6
Suppose -2*b = b + 75. Let v be 5/b - (-121)/5. Calculate the greatest common factor of 6 and v.
6
Let u = 920 - 919. Suppose 5*w + 0 = 4*f - 1, 5*f = -5*w + 35. What is the greatest common factor of w and u?
1
Let g = 9 - 23. Let k = g - -5. Let f = k - -13. Calculate the greatest common divisor of f and 1.
1
Let v be -1*8/(8/(-4)). Suppose 5*a = -v*u + 128, 0*a - 3*a + 68 = -2*u. Calculate the greatest common factor of a and 24.
24
Let h = -1091 - -1130. Calculate the highest common divisor of 27 and h.
3
Suppose -6*r + 16 + 8 = 0. Suppose 7 = r*l - 785. What is the highest common factor of l and 18?
18
Suppose 5*o - 1394 - 986 = 0. Calculate the highest common divisor of 14 and o.
14
Suppose 0 = 2*q + q - 378. Let f(x) = -x**2 - 19*x - 16. Let o be f(-17). What is the highest common divisor of q and o?
18
Suppose -2*t - t - 28 = -z, -z = 3*t - 40. Let x = 113 + 57. What is the highest common divisor of x and z?
34
Let r(x) = -2*x**2 - 19*x - 12. Let t be r(-6). Calculate the greatest common factor of 80 and t.
10
Suppose -24*b + 1100 = 308. Suppose 2*n = -5 + 11. What is the greatest common divisor of n and b?
3
Let v(w) = w**2 - 13*w + 22. Let y = -71 + 49. Let g be 23/2 - 11/y. Let s be v(g). Calculate the highest common divisor of 10 and s.
10
Let z be (-1 + -6 + 0)*(-23 - -24). Let s be (-758)/z + (-6)/21. Let o be (0 - 1) + (-13)/(-1). Calculate the highest common factor of o and s.
12
Let m be (45/6)/((-24)/(-32)). Suppose -2*y - 3*y + 630 = 0. Let p = y + -76. What is the highest common divisor of p and m?
10
Let t = 4 - 8. Let b(d) = d + 8. Let g be b(t). Let f = 0 - -10. What is the highest common factor of f and g?
2
Suppose 47*m = 42*m + 1980. What is the highest common divisor of 18 and m?
18
Let z be (17/34)/(1/286). Let r = -45 - -58. What is the highest common factor of z and r?
13
Suppose 3*r = 3*y + 51, -2*r - 3*y = -4*r + 38. Let i = -292 + 409. Calculate the highest common divisor of i and r.
13
Let r be (-63)/(-18) + (-2)/4. Let g be 2*(14/4 - r). Let c be 20/((-2)/(-1 - g)). Calculate the highest common factor of c and 8.
4
Let c(d) = 60*d + 3. Let w be c(3). Suppose 0*y - 129 = y. Let s = y + w. Calculate the greatest common divisor of s and 135.
27
Let z = -3 + -11. Let r be (40/(-35))/(1*2/z). Calculate the highest common divisor of 152 and r.
8
Suppose 0 = -5*i - 0*i, -4*i - 16 = -f. Suppose -7*r + 171 = -165. Calculate the highest common divisor of r and f.
16
Suppose -2*i = -t + 74, 2*t = t - 2*i + 86. What is the greatest common factor of t and 64?
16
Suppose 3*f = r + 18, -r + 0*f - 6 = f. Let q(w) = -5*w - 16. Let b be q(r). Let l be (116/(-3))/(2/(-12)). Calculate the highest common divisor of b and l.
29
Let b = -30 - -34. Let w be (2 - (2 + b)) + 279. Calculate the highest common divisor of 25 and w.
25
Suppose -56*o + 50*o = -144. Let h(z) = z**3 - z**2 - 4*z + 2. Let r be (-5)/2*12/(-10). Let s be h(r). What is the greatest common divisor of o and s?
8
Suppose 235 = 4*v + v. Let d be ((-104)/(-6))/((-10)/(-15)). Let h = v - d. What is the greatest common divisor of h and 21?
21
Suppose 0 = 2*s + 512 - 516. What is the greatest common factor of s and 17?
1
Let l be 26 - (-2 - (-5 + 12)). What is the greatest common factor of l and 55?
5
Let k(a) = -a**3 + 4*a**2 + 19*a - 57. Let y be k(5). Calculate the greatest common divisor of 52 and y.
13
Let f(s) = s**3 + 5*s**2 + 2*s + 4. Let a = -27 + 23. Let u be f(a). Let m 